{"id":3,"date":"2023-10-20T13:23:25","date_gmt":"2023-10-20T11:23:25","guid":{"rendered":"http:\/\/www.wohndiscount.de\/?page_id=3"},"modified":"2023-10-23T08:14:44","modified_gmt":"2023-10-23T06:14:44","slug":"datenschutzerklaerung","status":"publish","type":"page","link":"https:\/\/www.wohndiscount.de\/index.php\/datenschutzerklaerung\/","title":{"rendered":"Datenschutzerkl\u00e4rung"},"content":{"rendered":"\n<p class=\"has-large-font-size\"><strong>1. Informationspflichten gem\u00e4\u00df Art 13 DSGVO zur Datenverarbeitung dieser Website (Stand 25.05.2018)<\/strong><\/p>\n\n\n\n<p><strong>Allgemeine Hinweise<\/strong><br>Die folgenden Hinweise geben einen einfachen \u00dcberblick dar\u00fcber, was mit Ihren personenbezogenen Daten passiert, wenn Sie unsere Website besuchen. Personenbezogene Daten sind alle Daten, mit denen Sie pers\u00f6nlich identifiziert werden k\u00f6nnen.<\/p>\n\n\n\n<p>Name und Kontaktdaten des Verantwortlichen<br>Verantwortlich f\u00fcr die Datenverarbeitung ist:<br>Wohndiscount GmbH<br>An der Waisenhausmauer 12<br>06108 Halle (Saale)<br>Die elektronischen Kontaktdaten entnehmen Sie bitte dem Impressum.<\/p>\n\n\n\n<p>Kontaktdaten des Datenschutzbeauftragten<br>Wenn Sie Fragen hinsichtlich der Verarbeitung Ihrer Daten haben, k\u00f6nnen Sie sich an unseren Datenschutzbeauftragten wenden, welcher Ihnen im Falle von Auskunftsersuchen, Anregungen oder Beschwerden gern zur Verf\u00fcgung steht.<\/p>\n\n\n\n<p>Datenschutzbeauftragter der Wohndiscount GmbH:<\/p>\n\n\n\n<p>An der Waisenhausmauer 12<br>06108 Halle (Saale)<br>datenschutz@wohndiscount.de<\/p>\n\n\n\n<p><strong>Zwecke und Rechtsgrundlage der Datenverarbeitung<\/strong><br>Wenn Sie diese Website benutzen, werden verschiedene personenbezogene Daten erhoben. Die vorliegende Datenschutzerkl\u00e4rung erl\u00e4utert, welche Daten wir erheben und wof\u00fcr wir sie nutzen. Sie erl\u00e4utert auch, wie und zu welchem Zweck das geschieht. Wir weisen darauf hin, dass die Daten\u00fcbertragung im Internet (z.B. bei der Kommunikation per E-Mail) Sicherheitsl\u00fccken aufweisen kann. Ein l\u00fcckenloser Schutz der Daten vor dem Zugriff durch Dritte ist nicht m\u00f6glich. Ihre Daten werden zum einen dadurch erhoben, dass Sie uns diese mitteilen. Hierbei kann es sich z.B. um Daten handeln, die Sie in ein Kontaktformular eingeben. Andere Daten werden automatisch beim Besuch der Website durch unsere IT-Systeme erfasst. Das sind vor allem technische Daten (z.B. Internetbrowser, Betriebssystem oder Uhrzeit des Seitenaufrufs). Die Erfassung dieser Daten erfolgt automatisch, sobald Sie unsere Website betreten. Ein Teil der Daten wird erhoben, um eine fehlerfreie Bereitstellung der Website zu gew\u00e4hrleisten. Andere Daten k\u00f6nnen zur Analyse Ihres Nutzerverhaltens verwendet werden.<\/p>\n\n\n\n<p><strong>Analyse-Tools und Tools von Drittanbietern<\/strong><br>Beim Besuch unserer Website kann Ihr Surf-Verhalten statistisch ausgewertet werden. Das geschieht vor allem mit Cookies und mit sogenannten Analyseprogrammen. Die Analyse Ihres Surf-Verhaltens erfolgt in der Regel anonym; das Surf-Verhalten kann nicht zu Ihnen zur\u00fcckverfolgt werden. Sie k\u00f6nnen dieser Analyse widersprechen oder sie durch die Nichtbenutzung bestimmter Tools verhindern. Details hierzu entnehmen Sie unserer Datenschutzerkl\u00e4rung unter der \u00dcberschrift.<\/p>\n\n\n\n<p><strong>\u201cDrittmodule und Analysetools\u201d.<\/strong><br>Verarbeitung auf der Grundlage des berechtigten Interesses. Eine Verarbeitung im Rahmen eines berechtigten Interesses gem\u00e4\u00df Artikel 6 Abs. 1 lit f DSGVO erfolgt durch uns zum Zwecke der Gew\u00e4hrleistung der Systemsicherheit des Webangebotes und der Verbesserung des Webangebotes hinsichtlich der Struktur und der Inhalte. Anfragen Dritter zur Wahrung des berechtigten Interesses einer dritten Stelle werden durch die Wohndiscount GmbH beantwortet, wenn der Dritte das Vorhandensein eines berechtigten Interesses bekundet und best\u00e4tigt, dass keine schutzw\u00fcrdigen Interessen des Betroffenen dieser \u00dcbermittlung entgegenstehen.<\/p>\n\n\n\n<p><strong>Empf\u00e4nger der Daten<\/strong><br>Die verarbeiteten Daten werden Empf\u00e4ngern ausschlie\u00dflich zweckgebunden nach dem Prinzip der Minimalisierung zur Verf\u00fcgung gestellt:<\/p>\n\n\n\n<pre class=\"wp-block-code\"><code>Mitarbeiter der Wohndiscount GmbH, die mit der Umsetzung der Bereitstellung der Webseite betraut sind\nIT-Dienstleister zum Betrieb und der Pflege und Wartung der Webseite.<\/code><\/pre>\n\n\n\n<p><strong>Verarbeitung der Daten in einem Drittland<\/strong><br>Die Datenverarbeitung findet ausschlie\u00dflich in den Mitgliedsstaaten der Europ\u00e4ischen Union statt. Eine \u00dcbermittlung in Drittstaaten ist nicht geplant. Siehe dazu auch den Bereich \u201eDrittmodule und Analysetools\u201c.<\/p>\n\n\n\n<p><strong>Dauer der Speicherung der Daten<\/strong><br>Logdaten aus der Webseitennutzung werden auf unserem Server f\u00fcr maximal 90 Tage vorgehalten. Siehe dazu auch den Bereich \u201eDrittmodule und Analysetools\u201c.<\/p>\n\n\n\n<p><strong>Rechte des Betroffenen<\/strong><br>Jeder Betroffene besitzt nicht abdingbare Rechte nach<\/p>\n\n\n\n<pre class=\"wp-block-code\"><code>Artikel 15 Recht auf Auskunft zu der Datenverarbeitung\nArtikel 16 Recht auf Berichtigung der Daten\nArtikel 17 Recht auf L\u00f6schung (\u201eRecht auf Vergessenwerden\u201c)\nArtikel 18 Recht auf Einschr\u00e4nkung der Verarbeitung\nArtikel 20 Recht auf Daten\u00fcbertragbarkeit\nArtikel 21 Widerspruchsrecht\nArtikel 77 DSGVO i.V.m. \u00a7 19 BDSG Beschwerderecht bei der zust\u00e4ndigen Aufsichtsbeh\u00f6rde<\/code><\/pre>\n\n\n\n<p>Diese Rechte k\u00f6nnen in der Regel schriftlich, direkt gegen\u00fcber dem Verantwortlichen oder durch Kontaktaufnahme zu dem Datenschutzbeauftragen geltend gemacht werden.<\/p>\n\n\n\n<p><strong>Widerruf einer Einwilligung<\/strong><br>Eine erteilte Einwilligung zur Verarbeitung von Daten kann jederzeit, mit der Wirkung f\u00fcr die Zukunft, widerrufen werden. Dabei wird die Rechtm\u00e4\u00dfigkeit der Datenverarbeitung, bis zum Eingang des Widerrufes, nicht ber\u00fchrt.<\/p>\n\n\n\n<p><strong>Beschwerderecht<\/strong><br>Jeder Betroffene hat das Recht der Beschwerde, hinsichtlich der Datenverarbeitung, bei dem Datenschutzbeauftragten der Wohndiscount GmbH. Der Datenschutzbeauftragte hat, gegen\u00fcber der Wohndiscount GmbH, Stillschweigen hinsichtlich der Identit\u00e4t des Beschwerdef\u00fchrers zu wahren. Im Falle datenschutzrechtlicher Verst\u00f6\u00dfe steht dem Betroffenen ein Beschwerderecht bei der zust\u00e4ndigen Aufsichtsbeh\u00f6rde zu. Zust\u00e4ndige Aufsichtsbeh\u00f6rde in datenschutzrechtlichen Fragen ist der Landesdatenschutzbeauftragte des Bundeslandes, in dem unser Unternehmen seinen Sitz hat. Eine Liste der Datenschutzbeauftragten sowie deren Kontaktdaten k\u00f6nnen folgendem Link entnommen werden: https:\/\/www.bfdi.bund.de\/DE\/Infothek\/Anschriften_Links\/anschriften_links-node.html.<\/p>\n\n\n\n<p><strong>Erforderlichkeit der Datenverarbeitung<\/strong><br>Die Bereitstellung der personenbezogenen Daten ist f\u00fcr ausschlie\u00dflich bei einem Vertragsabschluss, bzw. einer Vertragsanbahnung erforderlich. Werden Daten nicht eindeutig als freiwillig gekennzeichnet und erfolgt die Verarbeitung nicht auf der Basis einer Einwilligung, so kann bei der Verweigerung der Datenverarbeitung die beabsichtigte Leistung durch die Wohndiscount GmbH nicht erbracht werden. Alle, als freiwillig gekennzeichnete Daten k\u00f6nnen offengelassen werden, ohne dass davon die Vertragserf\u00fcllung beeintr\u00e4chtigt wird. Eine automatisierte Entscheidungsfindung, inkl. Profiling, besteht nicht.<\/p>\n\n\n\n<p><strong>Verarbeitung zu einem anderen Zweck<\/strong><br>Eine Weiterverarbeitung f\u00fcr einen anderen Zweck, \u00fcber die Vertragserf\u00fcllung hinaus, erfolgt ausschlie\u00dflich zur Erf\u00fcllung gesetzlicher Aufbewahrungs- und Vorhaltepflichten.<\/p>\n\n\n\n<p><strong>SSL- bzw. TLS-Verschl\u00fcsselung<\/strong><br>Diese Seite nutzt aus Sicherheitsgr\u00fcnden und zum Schutz der \u00dcbertragung vertraulicher Inhalte, wie zum Beispiel Bestellungen oder Anfragen, die Sie an uns als Seitenbetreiber senden, eine SSL-bzw. TLS-Verschl\u00fcsselung. Eine verschl\u00fcsselte Verbindung erkennen Sie daran, dass die Adresszeile des Browsers von \u201chttp:\/\/\u201d auf \u201chttps:\/\/\u201d wechselt und an dem Schloss-Symbol in Ihrer Browserzeile. Wenn die SSL- bzw. TLS-Verschl\u00fcsselung aktiviert ist, k\u00f6nnen die Daten, die Sie an uns \u00fcbermitteln, nicht von Dritten mitgelesen werden.<\/p>\n\n\n\n<p class=\"has-large-font-size\"><strong>2. Drittmodule und Analysetools<\/strong><\/p>\n\n\n\n<p><strong>Cookies<\/strong><br>Die Internetseiten verwenden teilweise so genannte Cookies. Cookies richten auf Ihrem Rechner keinen Schaden an und enthalten keine Viren. Cookies dienen dazu, unser Angebot nutzerfreundlicher, effektiver und sicherer zu machen. Cookies sind kleine Textdateien, die auf Ihrem Rechner abgelegt werden und die Ihr Browser speichert. Die meisten der von uns verwendeten Cookies sind so genannte \u201cSession-Cookies\u201d. Sie werden nach Ende Ihres Besuchs automatisch gel\u00f6scht. Andere Cookies bleiben auf Ihrem Endger\u00e4t gespeichert bis Sie diese l\u00f6schen. Diese Cookies erm\u00f6glichen es uns, Ihren Browser beim n\u00e4chsten Besuch wiederzuerkennen. Sie k\u00f6nnen Ihren Browser so einstellen, dass Sie \u00fcber das Setzen von Cookies informiert werden und Cookies nur im Einzelfall erlauben, die Annahme von Cookies f\u00fcr bestimmte F\u00e4lle oder generell ausschlie\u00dfen sowie das automatische L\u00f6schen der Cookies beim Schlie\u00dfen des Browser aktivieren. Bei der Deaktivierung von Cookies kann die Funktionalit\u00e4t dieser Website eingeschr\u00e4nkt sein. Cookies, die zur Durchf\u00fchrung des elektronischen Kommunikationsvorgangs oder zur Bereitstellung bestimmter, von Ihnen erw\u00fcnschter Funktionen (z.B. Warenkorbfunktion) erforderlich sind, werden auf Grundlage von Art. 6 Abs. 1 lit. f DSGVO gespeichert. Der Websitebetreiber hat ein berechtigtes Interesse an der Speicherung von Cookies zur technisch fehlerfreien und optimierten Bereitstellung seiner Dienste. Soweit andere Cookies (z.B. Cookies zur Analyse Ihres Surfverhaltens) gespeichert werden, werden diese in dieser Datenschutzerkl\u00e4rung gesondert behandelt.<\/p>\n\n\n\n<p><strong>Server-Log-Files<\/strong><br>Der Provider der Seiten erhebt und speichert automatisch Informationen in so genannten Server-Log Files, die Ihr Browser automatisch an uns \u00fcbermittelt. Dies sind:<\/p>\n\n\n\n<pre class=\"wp-block-code\"><code><strong>Browsertyp und Browserversion<\/strong>\nverwendetes Betriebssystem\nReferrer URL\nHostname des zugreifenden Rechners\nUhrzeit der Serveranfrage\nIP-Adresse<\/code><\/pre>\n\n\n\n<p>Eine Zusammenf\u00fchrung dieser Daten mit anderen Datenquellen wird nicht vorgenommen. Grundlage f\u00fcr die Datenverarbeitung ist Art. 6 Abs. 1 lit. f DSGVO, der die Verarbeitung von Daten zur Erf\u00fcllung eines Vertrags oder vorvertraglicher Ma\u00dfnahmen gestattet.<\/p>\n\n\n\n<p><strong>Kontaktformular<\/strong><br>Wenn Sie uns per Kontaktformular Anfragen zukommen lassen, werden Ihre Angaben aus dem Anfrageformular inklusive der von Ihnen dort angegebenen Kontaktdaten zwecks Bearbeitung der Anfrage und f\u00fcr den Fall von Anschlussfragen bei uns gespeichert. Diese Daten geben wir nicht ohne Ihre Einwilligung weiter. Die Verarbeitung der in das Kontaktformular eingegebenen Daten erfolgt somit ausschlie\u00dflich auf Grundlage Ihrer Einwilligung (Art. 6 Abs. 1 lit. a DSGVO). Sie k\u00f6nnen diese Einwilligung jederzeit widerrufen. Dazu reicht eine formlose Mitteilung per E-Mail an uns. Die Rechtm\u00e4\u00dfigkeit der bis zum Widerruf erfolgten Datenverarbeitungsvorg\u00e4nge bleibt vom Widerruf unber\u00fchrt. Die von Ihnen im Kontaktformular eingegebenen Daten verbleiben bei uns, bis Sie uns zur L\u00f6schung auffordern, Ihre Einwilligung zur Speicherung widerrufen oder der Zweck f\u00fcr die Datenspeicherung entf\u00e4llt (z.B. nach abgeschlossener Bearbeitung Ihrer Anfrage). Zwingende gesetzliche Bestimmungen \u2013 insbesondere Aufbewahrungsfristen \u2013 bleiben unber\u00fchrt.<\/p>\n\n\n\n<p><strong>Verarbeiten von Daten (Kunden- und Vertragsdaten)<\/strong><br>Wir erheben, verarbeiten und nutzen personenbezogene Daten nur, soweit sie f\u00fcr die Begr\u00fcndung, inhaltliche Ausgestaltung oder \u00c4nderung des Rechtsverh\u00e4ltnisses erforderlich sind (Bestandsdaten). Dies erfolgt auf Grundlage von Art. 6 Abs. 1 lit. b DSGVO, der die Verarbeitung von Daten zur Erf\u00fcllung eines Vertrags oder vorvertraglicher Ma\u00dfnahmen gestattet. Personenbezogene Daten \u00fcber die Inanspruchnahme unserer Internetseiten (Nutzungsdaten) erheben, verarbeiten und nutzen wir nur, soweit dies erforderlich ist, um dem Nutzer die Inanspruchnahme des Dienstes zu erm\u00f6glichen oder abzurechnen. Die erhobenen Kundendaten werden nach Abschluss des Auftrags oder Beendigung der Gesch\u00e4ftsbeziehung gel\u00f6scht. Gesetzliche Aufbewahrungsfristen bleiben unber\u00fchrt.<\/p>\n\n\n\n<p><strong>Google Analytics<\/strong><br>Diese Website nutzt Funktionen des Webanalysedienstes Google Analytics. Anbieter ist die Google Inc., 1600 Amphitheatre Parkway, Mountain View, CA 94043, USA. Google Analytics verwendet so genannte &#8222;Cookies&#8220;. Das sind Textdateien, die auf Ihrem Computer gespeichert werden und die eine Analyse der Benutzung der Website durch Sie erm\u00f6glichen. Die durch den Cookie erzeugten Informationen \u00fcber Ihre Benutzung dieser Website werden in der Regel an einen Server von Google in den USA \u00fcbertragen und dort gespeichert. Die Speicherung von Google-Analytics-Cookies erfolgt auf Grundlage von Art. 6 Abs. 1 lit. f DSGVO. Der Websitebetreiber hat ein berechtigtes Interesse an der Analyse des Nutzerverhaltens, um sowohl sein Webangebot als auch seine Werbung zu optimieren.<\/p>\n\n\n\n<p>Browser Plugin: Sie k\u00f6nnen die Speicherung der Cookies durch eine entsprechende Einstellung Ihrer Browser-Software verhindern; wir weisen Sie jedoch darauf hin, dass Sie in diesem Fall gegebenenfalls nicht s\u00e4mtliche Funktionen dieser Website vollumf\u00e4nglich werden nutzen k\u00f6nnen. Sie k\u00f6nnen dar\u00fcber hinaus die Erfassung der durch den Cookie erzeugten und auf Ihre Nutzung der Website bezogenen Daten (inkl. Ihrer IP-Adresse) an Google sowie die Verarbeitung dieser Daten durch Google verhindern, indem Sie das unter dem folgenden Link verf\u00fcgbare Browser-Plugin herunterladen und installieren: https:\/\/tools.google.com\/dlpage\/gaoptout?hl=de.<\/p>\n\n\n\n<p>Widerspruch gegen Datenerfassung: Sie k\u00f6nnen die Erfassung Ihrer Daten durch Google Analytics verhindern, indem Sie auf folgenden Link klicken. Es wird ein Opt-Out-Cookie gesetzt, der die Erfassung Ihrer Daten bei zuk\u00fcnftigen Besuchen dieser Website verhindert: Google Analytics deaktivieren.<\/p>\n\n\n\n<p>Mehr Informationen zum Umgang mit Nutzerdaten bei Google Analytics finden Sie in der Datenschutzerkl\u00e4rung von Google: https:\/\/support.google.com\/analytics\/answer\/6004245?hl=de.<\/p>\n\n\n\n<p>Auftragsdatenverarbeitung: Wir haben mit Google einen Vertrag zur Auftragsdatenverarbeitung abgeschlossen und setzen die strengen Vorgaben der deutschen Datenschutzbeh\u00f6rden bei der Nutzung von Google Analytics vollst\u00e4ndig um.<\/p>\n\n\n\n<p>Demografische Merkmale bei Google Analytics: Diese Website nutzt die Funktion \u201cdemografische Merkmale\u201d von Google Analytics. Dadurch k\u00f6nnen Berichte erstellt werden, die Aussagen zu Alter, Geschlecht und Interessen der Seitenbesucher enthalten. Diese Daten stammen aus interessenbezogener Werbung von Google sowie aus Besucherdaten von Drittanbietern. Diese Daten k\u00f6nnen keiner bestimmten Person zugeordnet werden. Sie k\u00f6nnen diese Funktion jederzeit \u00fcber die Anzeigeneinstellungen in Ihrem Google-Konto deaktivieren oder die Erfassung Ihrer Daten durch Google Analytics wie im Punkt \u201cWiderspruch gegen Datenerfassung\u201d dargestellt generell untersagen.<\/p>\n\n\n\n<p><strong>Google Web Fonts<\/strong><br>Diese Seite nutzt zur einheitlichen Darstellung von Schriftarten so genannte Web Fonts, die von Google bereitgestellt werden. Beim Aufruf einer Seite l\u00e4dt Ihr Browser die ben\u00f6tigten Web Fonts in ihren Browsercache, um Texte und Schriftarten korrekt anzuzeigen. Zu diesem Zweck muss der von Ihnen verwendete Browser Verbindung zu den Servern von Google aufnehmen. Hierdurch erlangt Google Kenntnis dar\u00fcber, dass \u00fcber Ihre IP-Adresse unsere Website aufgerufen wurde. Die Nutzung von Google Web Fonts erfolgt im Interesse einer einheitlichen und ansprechenden Darstellung unserer Online-Angebote. Dies stellt ein berechtigtes Interesse im Sinne von Art. 6 Abs. 1 lit. f DSGVO dar. Wenn Ihr Browser Web Fonts nicht unterst\u00fctzt, wird eine Standardschrift von Ihrem Computer genutzt. Weitere Informationen zu Google Web Fonts finden Sie unter https:\/\/developers.google.com\/fonts\/faq und in der Datenschutzerkl\u00e4rung von Google: https:\/\/www.google.com\/policies\/privacy\/.<\/p>\n\n\n\n<p><strong>Google Maps<\/strong><br>Diese Seite nutzt \u00fcber eine API den Kartendienst Google Maps. Anbieter ist die Google Inc., 1600 Amphitheatre Parkway, Mountain View, CA 94043, USA. Zur Nutzung der Funktionen von Google Maps ist es notwendig, Ihre IP Adresse zu speichern. Diese Informationen werden in der Regel an einen Server von Google in den USA \u00fcbertragen und dort gespeichert. Der Anbieter dieser Seite hat keinen Einfluss auf diese Daten\u00fcbertragung. Die Nutzung von Google Maps erfolgt im Interesse einer ansprechenden Darstellung unserer Online-Angebote und an einer leichten Auffindbarkeit der von uns auf der Website angegebenen Orte. Dies stellt ein berechtigtes Interesse im Sinne von Art. 6 Abs. 1 lit. f DSGVO dar.<\/p>\n\n\n\n<p>Mehr Informationen zum Umgang mit Nutzerdaten finden Sie in der Datenschutzerkl\u00e4rung von Google: https:\/\/www.google.de\/intl\/de\/policies\/privacy\/.<\/p>\n\n\n\n<p class=\"has-large-font-size\"><strong>3. Informationspflichten gem\u00e4\u00df Artikel 13 DSGVO f\u00fcr unsere Kunden<\/strong><\/p>\n\n\n\n<p>Informationspflichten gem\u00e4\u00df Artikel 13 DSGVO (Mieter\/Mietinteressenten)<\/p>\n\n\n\n<p>Name und Kontaktdaten des Verantwortlichen<\/p>\n\n\n\n<p>Verantwortlich f\u00fcr die Datenverarbeitung ist<br>Wohndiscount GmbH, An der Waisenhausmauer 06108 Halle (Saale)<br>Tel.: 0345 \u2013 20 93 88-0, Mail: datenschutz@wohndiscount.de<\/p>\n\n\n\n<p><strong>Kontaktdaten des Datenschutzbeauftragten<\/strong><br>Es wurde ein Datenschutzbeauftragter bestellt. Dieser kann jederzeit, durch jeden von der Datenverarbeitung Betroffenen, angesprochen werden:<br>Datenschutzbeauftragter der Wohndiscount GmbH, An der Waisenhausmauer 06108 Halle (Saale) Mail: datenschutz@wohndiscount.de<\/p>\n\n\n\n<p><strong>Zwecke und Rechtsgrundlage der Datenverarbeitung<\/strong><br>Die Daten werden auf Grundlage der Erforderlichkeit gem\u00e4\u00df Artikel 6 Abs. 1 lit b DSGVO, zum Zwecke der Erf\u00fcllung eines Vertrages (Miet- Pachtvertrag) oder einer vorvertraglichen Ma\u00dfnahme von den Personen verarbeitet, die Vertragspartei sind. Die Daten von mitziehenden Personen werden gem\u00e4\u00df Artikel 6 Abs. 1 lit c DSGVO zur Erf\u00fcllung einer rechtlichen Verpflichtung nach dem Bundesmeldegesetz erhoben.<\/p>\n\n\n\n<p><strong>Verarbeitung auf der Grundlage des berechtigten Interesses<\/strong><br>Eine Verarbeitung im Rahmen eines berechtigten Interesses gem\u00e4\u00df Artikel 6 Abs. 1 lit f DSGVO erfolgt durch die Wohndiscount GmbH im Rahmen von Bonit\u00e4tspr\u00fcfungen und bei einem fruchtlosem Mahnverfahren.<br>Zur Wahrung der berechtigten Interessen der Wohndiscount GmbH beh\u00e4lt sich diese dabei das Recht vor, nach einem fruchtlosen Mahnverfahren erforderliche Daten an ein vertraglich gebundenes Inkasso-Unternehmen zu \u00fcbermitteln.<br>Anfragen Dritter zur Wahrung des berechtigten Interesses einer dritten Stelle werden durch die Wohndiscount GmbH beantwortet, wenn der Dritte das Vorhandensein eines berechtigten Interesses bekundet und best\u00e4tigt, dass keine schutzw\u00fcrdigen Interessen des Betroffenen dieser \u00dcbermittlung entgegenstehen.<\/p>\n\n\n\n<p>Empf\u00e4nger der Daten<\/p>\n\n\n\n<p>Die verarbeiteten Daten werden Empf\u00e4ngern ausschlie\u00dflich zweckgebunden nach dem Prinzip der Minimalisierung zur Verf\u00fcgung gestellt:<\/p>\n\n\n\n<pre class=\"wp-block-code\"><code>Mitarbeiter Wohndiscount GmbH, die mit der Umsetzung der Aufgaben aus dem Mietverh\u00e4ltnis betraut sind.\nAbrechnungsunternehmen\nIT-Dienstleister\nHandwerksunternehmen\nDienstleistungsunternehmen mit Hausmeistert\u00e4tigkeiten\nAuskunfteien zum Zweck der Bonit\u00e4tsabfragen\nMeldebeh\u00f6rde gem. \u00a7 19 BMG<\/code><\/pre>\n\n\n\n<p><strong>Verarbeitung der Daten in einem Drittland<\/strong><br>Die Datenverarbeitung findet ausschlie\u00dflich in den Mitgliedsstaaten der Europ\u00e4ischen Union statt. Eine \u00dcbermittlung in Drittstaaten ist nicht geplant.<\/p>\n\n\n\n<p><strong>Dauer der Speicherung der Daten (Mietinteressentendaten)<\/strong><br>Die Daten werden zum Zwecke der Angebotsabgabe und Vertragsanbahnung verarbeitet.<br>Wird von Ihnen nichts anders vorgegeben, werden Ihre Daten 6 Monate nach dem letzten Kontakt gel\u00f6scht.<\/p>\n\n\n\n<p><strong>Dauer der Speicherung der Daten (Mieterdaten)<\/strong><br>Die Daten werden zum Zwecke der Vertragserf\u00fcllung verarbeitet. Dieser Zweck endet mit der Abrechnung und Erstattung aller Leistungen durch den Betroffenen.<br>\u00dcber die Vertragszwecke hinaus werden die Daten zur Gew\u00e4hrleistung der gesetzlichen Aufbewahrungsfristen gem\u00e4\u00df \u00a7 147 Abgabenordnung AO f\u00fcr 10 Jahre aufbewahrt.<\/p>\n\n\n\n<p><strong>Rechte des Betroffenen<\/strong><br>Jeder Betroffene besitzt nicht abdingbare Rechte nach:<\/p>\n\n\n\n<pre class=\"wp-block-code\"><code>Artikel 15 Recht auf Auskunft zu der Datenverarbeitung\nArtikel 16 Recht auf Berichtigung der Daten\nArtikel 17 Recht auf L\u00f6schung (\u201eRecht auf Vergessenwerden\u201c)\nArtikel 18 Recht auf Einschr\u00e4nkung der Verarbeitung\nArtikel 20 Recht auf Daten\u00fcbertragbarkeit\nArtikel 21 Widerspruchsrecht\nArtikel 77 DSGVO i.V.m. \u00a7 19 BDSG Beschwerderecht bei der zust\u00e4ndigen Aufsichtsbeh\u00f6rde<\/code><\/pre>\n\n\n\n<p>Diese Rechte k\u00f6nnen in der Regel schriftlich, direkt gegen\u00fcber dem Verantwortlichen oder durch Kontaktaufnahme zu dem Datenschutzbeauftragten geltend gemacht werden.<\/p>\n\n\n\n<p><strong>Widerruf einer Einwilligung<\/strong><br>Eine erteilte Einwilligung zur Verarbeitung von Daten kann jederzeit, mit der Wirkung f\u00fcr die Zukunft, widerrufen werden. Dabei wird die Rechtm\u00e4\u00dfigkeit der Datenverarbeitung, bis zum Eingang des Widerrufes, nicht ber\u00fchrt.<\/p>\n\n\n\n<p><strong>Beschwerderecht<\/strong><br>Jeder Betroffene hat das Recht der Beschwerde, hinsichtlich der Datenverarbeitung, bei dem Datenschutzbeauftragten Wohndiscount GmbH. Der Datenschutzbeauftragte hat, gegen\u00fcber der Wohndiscount GmbH, Stillschweigen hinsichtlich der Identit\u00e4t des Beschwerdef\u00fchrers zu wahren. Im Falle datenschutzrechtlicher Verst\u00f6\u00dfe steht dem Betroffenen ein Beschwerderecht bei der zust\u00e4ndigen Aufsichtsbeh\u00f6rde zu. Zust\u00e4ndige Aufsichtsbeh\u00f6rde in datenschutz-rechtlichen Fragen ist der Landesdatenschutzbeauftragte des Bundeslandes, in dem unser Unternehmen seinen Sitz hat. Eine Liste der Datenschutzbeauftragten sowie deren Kontaktdaten k\u00f6nnen folgendem Link entnommen werden:<\/p>\n\n\n\n<p><a href=\"https:\/\/www.bfdi.bund.de\/DE\/Infothek\/Anschriften_Links\/anschriften_links-node.html\">https:\/\/www.bfdi.bund.de\/DE\/Infothek\/Anschriften_Links\/anschriften_links-node.html<\/a><\/p>\n\n\n\n<p><strong>Erforderlichkeit der Datenverarbeitung<\/strong><br>Die Bereitstellung der personenbezogenen Daten ist f\u00fcr einen Vertragsabschluss, bzw. Vertragsanbahnung erforderlich. Werden Daten nicht eindeutig als freiwillig gekennzeichnet und erfolgt die Verarbeitung nicht auf der Basis einer Einwilligung, so kann bei der Verweigerung der Datenverarbeitung die beabsichtigte Leistung durch die Wohndiscount GmbH nicht erbracht werden. Alle, als freiwillig gekennzeichnete Daten k\u00f6nnen offengelassen werden, ohne dass davon die Vertragserf\u00fcllung beeintr\u00e4chtigt wird. Eine automatisierte Entscheidungsfindung, inkl. Profiling, besteht nicht.<\/p>\n\n\n\n<p>Verarbeitung zu einem anderen Zweck<br>Eine Weiterverarbeitung f\u00fcr einen anderen Zweck, \u00fcber die Vertragserf\u00fcllung hinaus, erfolgt ausschlie\u00dflich zur Erf\u00fcllung gesetzlicher Aufbewahrungs- und Vorhaltepflichten.<\/p>\n","protected":false},"excerpt":{"rendered":"<p>1. Informationspflichten gem\u00e4\u00df Art 13 DSGVO zur Datenverarbeitung dieser Website (Stand 25.05.2018) Allgemeine HinweiseDie folgenden Hinweise geben einen einfachen \u00dcberblick dar\u00fcber, was mit Ihren personenbezogenen Daten passiert, wenn Sie unsere Website besuchen. Personenbezogene Daten sind alle Daten, mit denen Sie pers\u00f6nlich identifiziert werden k\u00f6nnen. Name und Kontaktdaten des VerantwortlichenVerantwortlich f\u00fcr die Datenverarbeitung ist:Wohndiscount GmbHAn der [&hellip;]<\/p>\n","protected":false},"author":1,"featured_media":0,"parent":0,"menu_order":0,"comment_status":"closed","ping_status":"open","template":"","meta":{"footnotes":""},"class_list":["post-3","page","type-page","status-publish","hentry"],"_links":{"self":[{"href":"https:\/\/www.wohndiscount.de\/index.php\/wp-json\/wp\/v2\/pages\/3","targetHints":{"allow":["GET"]}}],"collection":[{"href":"https:\/\/www.wohndiscount.de\/index.php\/wp-json\/wp\/v2\/pages"}],"about":[{"href":"https:\/\/www.wohndiscount.de\/index.php\/wp-json\/wp\/v2\/types\/page"}],"author":[{"embeddable":true,"href":"https:\/\/www.wohndiscount.de\/index.php\/wp-json\/wp\/v2\/users\/1"}],"replies":[{"embeddable":true,"href":"https:\/\/www.wohndiscount.de\/index.php\/wp-json\/wp\/v2\/comments?post=3"}],"version-history":[{"count":1,"href":"https:\/\/www.wohndiscount.de\/index.php\/wp-json\/wp\/v2\/pages\/3\/revisions"}],"predecessor-version":[{"id":12,"href":"https:\/\/www.wohndiscount.de\/index.php\/wp-json\/wp\/v2\/pages\/3\/revisions\/12"}],"wp:attachment":[{"href":"https:\/\/www.wohndiscount.de\/index.php\/wp-json\/wp\/v2\/media?parent=3"}],"curies":[{"name":"wp","href":"https:\/\/api.w.org\/{rel}","templated":true}]}}